onvert -1101122022 (base 3) to base 6.
-331012
Convert -14565 (base 14) to base 7.
-300055
128 (base 10) to base 11
107
Convert 185 (base 15) to base 13.
20c
Convert -10100001001011 (base 2) to base 15.
-30ca
-8058 (base 13) to base 4
-10103301
Convert -11022010 (base 3) to base 4.
-300333
Convert 998 (base 16) to base 2.
100110011000
5791 (base 11) to base 9
11376
Convert 52b (base 13) to base 10.
882
-251a9 (base 12) to base 14
-1450d
Convert 5e1 (base 16) to base 13.
8ba
What is 1001010101 (base 2) in base 4?
21111
Convert -16a (base 12) to base 7.
-442
Convert 1004404 (base 5) to base 9.
24232
What is -11000101001111 (base 2) in base 6?
-134235
-382c (base 15) to base 11
-8a9a
What is 3133 (base 7) in base 9?
1454
Convert -40002 (base 5) to base 14.
-caa
Convert 890 (base 11) to base 14.
563
Convert -112 (base 3) to base 10.
-14
Convert 431 (base 10) to base 12.
2bb
Convert -1b4 (base 14) to base 8.
-542
What is 73466 (base 8) in base 11?
20a24
Convert -423 (base 6) to base 16.
-9f
What is 1155 (base 16) in base 8?
10525
Convert 1299 (base 10) to base 3.
1210010
What is 267 (base 8) in base 4?
2313
What is -113043 (base 5) in base 6?
-31112
What is 16 (base 10) in base 7?
22
219 (base 11) to base 10
262
-13110221 (base 4) to base 9
-45125
-12402 (base 5) to base 13
-5a2
Convert -65a (base 12) to base 7.
-2503
576 (base 15) to base 2
10011010100
-6820 (base 10) to base 12
-3b44
What is -1002001 (base 3) in base 8?
-1420
What is 16565 (base 8) in base 14?
2a69
What is -ccb1 (base 13) in base 6?
-340040
Convert -ca0 (base 14) to base 13.
-1199
Convert 13131 (base 4) to base 9.
580
18926 (base 11) to base 15
7c56
What is 320240 (base 5) in base 13?
4b39
What is -22320 (base 6) in base 7?
-12111
Convert 455 (base 15) to base 5.
12410
-aa25 (base 11) to base 12
-8503
123001 (base 4) to base 15
7a4
Convert -28887 (base 10) to base 15.
-885c
What is -ad8c (base 14) in base 13?
-10924
What is 22143 (base 5) in base 15?
6d3
Convert 10121021 (base 3) to base 12.
162a
Convert 536 (base 11) to base 7.
1610
What is -12305 (base 10) in base 7?
-50606
-607 (base 12) to base 16
-367
What is -22010 (base 3) in base 4?
-3123
What is 141213 (base 5) in base 12?
3440
24e2 (base 15) to base 13
376a
Convert -781 (base 15) to base 16.
-6a0
What is 354250 (base 6) in base 11?
21137
What is -203324 (base 5) in base 6?
-51030
Convert -38010 (base 11) to base 15.
-1128c
Convert -539 (base 15) to base 12.
-823
What is 2213320 (base 5) in base 14?
100c1
What is 736 (base 8) in base 2?
111011110
What is -440 (base 11) in base 16?
-210
What is -1230021 (base 4) in base 6?
-52013
What is -100201222 (base 3) in base 9?
-10658
-1030020 (base 4) to base 8
-11410
-111101100110 (base 2) to base 7
-14331
22102021 (base 3) to base 8
13770
What is 120 (base 10) in base 16?
78
Convert -117740 (base 8) to base 14.
-10cb6
What is 540 (base 15) in base 16?
4a1
Convert 1132224 (base 5) to base 16.
51cb
-1888 (base 12) to base 5
-43414
-10b0 (base 15) to base 7
-13215
Convert -23230 (base 4) to base 3.
-1000201
What is -1004511 (base 6) in base 7?
-256042
-22b (base 12) to base 7
-641
Convert 489 (base 10) to base 8.
751
42111 (base 5) to base 2
101011011101
3237 (base 9) to base 10
2383
Convert 234420 (base 6) to base 16.
4fec
Convert -3a3 (base 16) to base 15.
-421
Convert 210441 (base 5) to base 12.
4070
100000001001 (base 2) to base 10
2057
Convert -44253 (base 6) to base 11.
-4694
What is 10021022 (base 3) in base 11?
1878
What is 41b0 (base 14) in base 12?
667a
Convert -14004 (base 5) to base 7.
-3202
Convert 1813 (base 9) to base 16.
56d
Convert -250 (base 15) to base 3.
-201110
What is -148 (base 10) in base 2?
-10010100
-3443 (base 6) to base 3
-1010100
Convert -20c (base 15) to base 10.
-462
What is -235 (base 11) in base 5?
-2110
9b0 (base 13) to base 7
4565
What is -320332 (base 6) in base 16?
-65c0
Convert -10322232 (base 4) to base 3.
-1000122000
23 (base 5) to base 15
d
What is -a80 (base 13) in base 12?
-1056
What is -24211 (base 5) in base 13?
-a8c
What is -1134410 (base 5) in base 11?
-14a50
13012202 (base 4) to base 10
29090
Convert -33301 (base 4) to base 9.
-1341
-e8d (base 16) to base 10
-3725
Convert 511 (base 13) to base 15.
3c4
-13021 (base 5) to base 8
-1763
-25 (base 13) to base 3
-1011
What is -5723 (base 15) in base 7?
-104613
What is -102043 (base 5) in base 7?
-12623
Convert 11103122 (base 4) to base 12.
106a2
What is -4144 (base 7) in base 10?
-1453
-13634 (base 10) to base 6
-143042
Convert -71254 (base 9) to base 12.
-23157
What is -220321 (base 4) in base 14?
-d4d
What is -57a (base 14) in base 9?
-1438
What is 110100100 (base 2) in base 8?
644
Convert -3331 (base 5) to base 6.
-2054
Convert -120022 (base 4) to base 2.
-11000001010
Convert -277 (base 10) to base 2.
-100010101
What is -32104 (base 5) in base 2?
-100001101010
Convert -132c (base 16) to base 11.
-3762
Convert 373 (base 12) to base 15.
249
-1073 (base 14) to base 9
-3811
Convert -224 (base 16) to base 2.
-1000100100
What is 1d3c (base 14) in base 11?
4020
What is 25790 (base 11) in base 3?
1212121001
-21300 (base 4) to base 6
-2520
-ce79 (base 15) to base 11
-2a976
Convert 822 (base 9) to base 15.
2e8
-5331 (base 7) to base 8
-3534
What is -282 (base 11) in base 16?
-14c
111000 (base 3) to base 2
101011111
-364 (base 10) to base 13
-220
Convert -249a (base 13) to base 14.
-1c73
Convert 10423 (base 9) to base 15.
20a6
What is 11252 (base 11) in base 7?
65303
What is 26 (base 15) in base 5?
121
What is 121114 (base 5) in base 16?
11b6
What is 320301 (base 5) in base 16?
29cd
-254 (base 8) to base 5
-1142
Convert 667 (base 16) to base 13.
991
What is -4908 (base 14) in base 6?
-135004
What is 10423 (base 6) in base 2?
10110101111
146334 (base 7) to base 8
67741
41605 (base 8) to base 3
212201012
Convert -2f0 (base 16) to base 6.
-3252
-110011001 (base 2) to base 13
-256
569 (base 11) to base 10
680
-2010000 (base 3) to base 12
-a83
What is 123310 (base 7) in base 3?
1011021011
33511 (base 6) to base 4
1021303
Convert a46 (base 13) to base 14.
8cc
-121122 (base 3) to base 2
-111000001
241202 (base 5) to base 14
3379
-21010121 (base 3) to base 12
-3014
646 (base 13) to base 16
430
What is 19d (base 16) in base 14?
217
What is -8133 (base 11) in base 5?
-321210
Convert dbc (base 14) to base 2.
101010011010
5064 (base 9) to base 13
18bb
Convert -71 (base 12) to base 5.
-320
What is 100001011110 (base 2) in base 15?
97c
What is -14509 (base 10) in base 3?
-201220101
222211 (base 3) to base 10
724
What is 6a6b (base 14) in base 13?
8577
What is 1556 (base 13) in base 3?
11021022
What is -115505 (base 6) in base 13?
-4922
What is -8a7 (base 15) in base 10?
-1957
Convert -cba (base 13) to base 10.
-2181
What is 974 (base 12) in base 13?
826
Convert 406 (base 7) to base 3.
21111
What is -770 (base 8) in base 5?
-4004
What is -677 (base 8) in base 10?
-447
Convert -220 (base 8) to base 2.
-10010000
What is 3235 (base 6) in base 14?
3b1
-130341 (base 6) to base 3
-121011221
1f6d (base 16) to base 12
47a5
Convert 10340 (base 5) to base 8.
1320
What is -1221 (base 7) in base 15?
-206
-811 (base 15) to base 12
-1074
-1213130 (base 4) to base 5
-202440
What is -31c (base 13) in base 12?
-384
Convert -1c3 (base 13) to base 10.
-328
What is 3421 (base 5) in base 14?
26a
-1a2 (base 14) to base 10
-338
Convert -7833 (base 14) to base 10.
-20821
What is 5236 (base 13) in base 11?
85a5
Convert 10313 (base 6) to base 15.
643
Convert 1110201212 (base 3) to base 4.
13010213
Convert 102202122 (base 3) to base 12.
4b68
-5145 (base 8) to base 4
-221211
-1454 (base 7) to base 3
-210102
Convert 1250 (base 9) to base 16.
3a8
Convert -12111031 (base 4) to base 15.
-7a3d
What is -844 (base 9) in base 13?
-40c
Convert -136b (base 13) to base 3.
-10211110
Convert 700 (base 15) to base 12.
ab3
Convert 54474 (base 8) to base 7.
123413
363 (base 10) to base 2
101101011
Convert 100000 (base 3) to base 9.
300
Convert -520 (base 12) to base 7.
-2112
-231013 (base 4) to base 12
-1807
Convert 2c10 (base 15) to base 12.
5589
What is -1155 (base 6) in base 4?
-10133
Convert 1264 (base 11) to base 15.
748
Convert 302 (base 10) to base 3.
102012
Convert 3342 (base 7) to base 12.
846
Convert -1001122 (base 3) to base 13.
-476
What i